1 (base 2) to base 5
1114
What is 36 (base 9) in base 10?
33
-24 (base 5) to base 9
-15
Convert -141 (base 5) to base 15.
-31
-4 (base 9) to base 6
-4
What is 34 (base 12) in base 8?
50
64 (base 9) to base 3
2011
0 (base 3) to base 16
0
What is 1230 (base 5) in base 9?
231
18 (base 9) to base 4
101
What is -1313 (base 5) in base 16?
-d0
3 (base 14) to base 12
3
Convert 1 (base 8) to base 4.
1
Convert 83 (base 12) to base 11.
90
Convert 11 (base 3) to base 13.
4
What is -75 (base 11) in base 9?
-101
Convert 110 (base 2) to base 5.
11
Convert 44 (base 10) to base 11.
40
Convert -2 (base 5) to base 15.
-2
What is -80 (base 11) in base 2?
-1011000
22 (base 4) to base 10
10
-d (base 15) to base 9
-14
14 (base 14) to base 6
30
Convert -88 (base 11) to base 9.
-116
Convert 1 (base 6) to base 10.
1
What is -10 (base 15) in base 6?
-23
What is -310 (base 4) in base 9?
-57
What is 24 (base 14) in base 9?
35
Convert -31 (base 5) to base 2.
-10000
What is -3 (base 10) in base 15?
-3
12 (base 13) to base 8
17
35 (base 8) to base 10
29
-11001001 (base 2) to base 10
-201
-2001 (base 3) to base 8
-67
What is 233 (base 4) in base 8?
57
24 (base 5) to base 8
16
9 (base 12) to base 8
11
12 (base 15) to base 8
21
Convert 9 (base 10) to base 8.
11
Convert 1011 (base 2) to base 13.
b
Convert 121 (base 4) to base 14.
1b
What is 2 (base 14) in base 16?
2
What is 2f (base 16) in base 9?
52
What is -2 (base 13) in base 12?
-2
Convert -1 (base 5) to base 13.
-1
30 (base 12) to base 15
26
-101101 (base 2) to base 15
-30
Convert -1 (base 3) to base 7.
-1
What is d (base 15) in base 10?
13
What is a3 (base 14) in base 6?
355
What is 20212 (base 3) in base 2?
10111001
1 (base 5) to base 6
1
-4 (base 16) to base 5
-4
What is 3 (base 4) in base 6?
3
Convert -2 (base 9) to base 2.
-10
11101111 (base 2) to base 8
357
4 (base 8) to base 12
4
Convert -1011000 (base 2) to base 7.
-154
What is 230 (base 5) in base 3?
2102
-2 (base 12) to base 4
-2
Convert 116 (base 8) to base 6.
210
-1 (base 12) to base 2
-1
Convert -170 (base 12) to base 6.
-1020
4 (base 16) to base 13
4
-133 (base 11) to base 5
-1112
-1 (base 14) to base 3
-1
What is b8 (base 13) in base 16?
97
Convert 3320 (base 4) to base 5.
1443
What is a7 (base 12) in base 9?
151
What is 4 (base 9) in base 4?
10
What is -1 (base 14) in base 7?
-1
Convert -10101111 (base 2) to base 4.
-2233
-3 (base 14) to base 5
-3
What is -405 (base 6) in base 3?
-12112
-35 (base 6) to base 9
-25
48 (base 15) to base 9
75
What is -35 (base 6) in base 10?
-23
Convert 100010001 (base 2) to base 5.
2043
-3 (base 8) to base 2
-11
-12 (base 10) to base 7
-15
12 (base 9) to base 16
b
5a (base 11) to base 6
145
97 (base 14) to base 2
10000101
Convert 67 (base 10) to base 12.
57
Convert -2 (base 13) to base 9.
-2
Convert -11 (base 7) to base 10.
-8
-1 (base 10) to base 11
-1
What is 2 (base 7) in base 4?
2
79 (base 13) to base 15
6a
29 (base 15) to base 16
27
What is -424 (base 5) in base 10?
-114
What is -267 (base 8) in base 2?
-10110111
What is 1 (base 9) in base 7?
1
What is 3e (base 16) in base 8?
76
1 (base 14) to base 16
1
What is -13c (base 14) in base 3?
-100021
-9a (base 15) to base 7
-265
What is 11010 (base 3) in base 13?
87
-1 (base 15) to base 4
-1
Convert -23 (base 14) to base 12.
-27
Convert 9 (base 12) to base 14.
9
Convert 11 (base 4) to base 6.
5
Convert 34 (base 11) to base 9.
41
Convert -7 (base 11) to base 8.
-7
Convert -60 (base 7) to base 6.
-110
Convert 1 (base 6) to base 8.
1
Convert 0 (base 11) to base 5.
0
-2 (base 9) to base 12
-2
What is 100 (base 8) in base 11?
59
-3 (base 13) to base 16
-3
What is -2b (base 16) in base 9?
-47
Convert -138 (base 12) to base 4.
-2330
Convert 1 (base 2) to base 3.
1
Convert 6 (base 16) to base 3.
20
Convert 0 (base 2) to base 4.
0
What is 3 (base 15) in base 16?
3
Convert -124 (base 7) to base 4.
-1003
What is -310 (base 4) in base 16?
-34
Convert -123 (base 5) to base 13.
-2c
What is c (base 14) in base 8?
14
What is -10010000 (base 2) in base 15?
-99
Convert 3 (base 14) to base 11.
3
155 (base 12) to base 3
21202
Convert -2 (base 15) to base 10.
-2
1010 (base 2) to base 10
10
-2 (base 12) to base 4
-2
Convert -2111 (base 3) to base 8.
-103
-5 (base 10) to base 8
-5
Convert a0 (base 11) to base 9.
132
Convert -10c (base 14) to base 8.
-320
What is -2111 (base 3) in base 9?
-74
What is -201 (base 3) in base 4?
-103
What is 40 (base 8) in base 4?
200
Convert 22 (base 5) to base 11.
11
Convert -42 (base 16) to base 9.
-73
-3 (base 15) to base 6
-3
-3 (base 14) to base 10
-3
-23 (base 8) to base 3
-201
What is -5 (base 13) in base 16?
-5
-4 (base 9) to base 5
-4
What is -e2 (base 16) in base 3?
-22101
-6c (base 13) to base 7
-156
What is -b (base 13) in base 5?
-21
45 (base 12) to base 4
311
Convert 51 (base 6) to base 12.
27
-4 (base 11) to base 5
-4
Convert -4 (base 13) to base 16.
-4
What is -b (base 15) in base 2?
-1011
-21221 (base 3) to base 10
-214
What is -cb (base 16) in base 3?
-21112
Convert 8 (base 14) to base 4.
20
Convert 25 (base 8) to base 7.
30
Convert 3 (base 4) to base 9.
3
10 (base 10) to base 3
101
12 (base 4) to base 8
6
-92 (base 15) to base 16
-89
-102220 (base 3) to base 12
-229
-7 (base 11) to base 13
-7
What is 100 (base 4) in base 10?
16
What is -4 (base 14) in base 5?
-4
What is -10 (base 15) in base 5?
-30
-11 (base 13) to base 8
-16
3 (base 12) to base 7
3
-4 (base 16) to base 8
-4
b (base 16) to base 3
102
-280 (base 10) to base 14
-160
What is -cb (base 15) in base 7?
-362
24 (base 5) to base 6
22
-1001 (base 2) to base 12
-9
-1 (base 8) to base 11
-1
What is -1 (base 12) in base 11?
-1
Convert 1013 (base 6) to base 14.
121
What is -261 (base 9) in base 7?
-430
Convert -1 (base 11) to base 4.
-1
What is 2 (base 11) in base 14?
2
-1 (base 15) to base 12
-1
What is -2 (base 3) in base 15?
-2
-320 (base 5) to base 10
-85
Convert 1012 (base 5) to base 9.
156
What is -1 (base 5) in base 14?
-1
-5 (base 14) to base 13
-5
Convert 2 (base 4) to base 6.
2
-2b (base 15) to base 12
-35
What is 3 (base 11) in base 7?
3
-32 (base 13) to base 14
-2d
Convert -5 (base 8) to base 16.
-5
Convert 13 (base 14) to base 3.
122
What is -4 (base 13) in base 12?
-4
Convert -1a (base 11) to base 7.
-30
Convert -b3 (base 13) to base 4.
-2102
What is 11 (base 7) in base 11?
8
-b (base 14) to base 7
-14
Convert -16 (base 8) to base 11.
-13
Convert 2021 (base 3) to base 10.
61
What is 4 (base 14) in base 4?
10
What is 143 (base 10) in base 11?
120
Convert 24 (base 7) to base 15.
13
What is -15 (base 16) in base 2?
-10101
What is -33 (base 4) in base 2?
-1111
Convert 241 (base 5) to base 12.
5b
Convert 105 (base 11) to base 15.
86
What is 101 (base 2) in base 11?
5
Convert -6 (base 13) to base 3.
-20
What is 6 (base 11) in base 16?
6
-21 (base 14) to base 15
-1e
10 (base 2) to base 5
2
What is -38 (base 12) in base 13?
-35
185 (base 13) to base 9
338
-4 (base 11) to base 2
-100
-1322 (base 5) to base 6
-552
Convert -71 (base 8) to base 2.
-111001
What is -2 (base 7) in base 3?
-2
What is -1011 (base 3) in base 5?
-111
-c (base 13) to base 10
-12
Convert -8 (base 11) to base 5.
-13
Convert 3 (base 13) to base 12.
3
Convert -2 (base 11) to base 3.
-2
Convert 7 (base 12) to base 9.
7
74 (base 14) to base 2
1100110
1e (base 15) to base 7
41
What is -b (base 16) in base 12?
-b
What is 0 (base 5) in base 8?
0
What is -2 (base 3) in base 6?
-2
Convert -1 (base 4) to base 11.
-1
What is 3 (base 13) in base 10?
3
Convert -4 (base 9) to base 7.
-4
b (base 13) to base 11
10
Convert 7 (base 14) to base 9.
7
What is 11 (base 2) in base 9?
3
122 (base 3) to base 8
21
2 (base 11) to base 10
2
What is -7 (base 9) in base 13?
-7
What is 82 (base 12) in base 9?
118
-6 (base 11) to base 9
-6
What is 2 (base 8) in base 2?
10
Convert -6 (base 10) to base 5.
-11
Convert -15 (base 11) to base 13.
-13
Convert -c6 (base 14) to base 2.
-10101110
What is 56 (base 9) in base 12?
43
-5 (base 9) to base 5
-10
What is 82 (base 11) in base 15?
60
Convert 0 (base 10) to base 7.
0
25 (base 8) to base 15
16
-13 (base 5) to base 6
-12
37 (base 13) to base 9
51
Convert 1 (base 5) to base 7.
1
What is -126 (base 8) in base 16?
-56
-4 (base 13) to base 12
-4
-2 (base 6) to base 7
-2
What is -20 (base 16) in base 3?
-1012
